at are the prime factors of q?
5
Suppose -6*q - 6 = v - q, 0 = 2*v - 4*q - 2. Let a be (v/2)/(2/(-284)). Suppose a = 4*s - 33. List the prime factors of s.
2, 13
What are the prime factors of (-11 - -5) + 405 - -7?
2, 7, 29
Let w(h) = -h**3 + 3*h**2 + 2*h - 1. Let s be w(2). Suppose k - 9 = -s. Suppose 0 = 3*q + 3*b - 36, -2*b = -k*q - 0*b + 8. What are the prime factors of q?
2
Let s(l) = l**3 + 4. Let j be s(-5). Let u = -84 - j. Suppose -4*m + 83 = -u. List the prime factors of m.
2, 3, 5
Let z = -157 - -1426. List the prime factors of z.
3, 47
Suppose 15*b = -590 + 14285. List the prime factors of b.
11, 83
Let j(w) = 13 + 2 + 8 + 28*w + 3. List the prime factors of j(4).
2, 3, 23
Suppose 2*f = f + 1045. List the prime factors of f.
5, 11, 19
Suppose -6 = -2*f + 2*h - 2, 3*f = 4*h + 6. What are the prime factors of (-1)/2*(4 - f) - -73?
2, 3
Let k(h) = -243*h - 175. What are the prime factors of k(-7)?
2, 7, 109
Suppose 5*s = 20, -3*x = 4*s - 3396 - 2266. List the prime factors of x.
2, 941
Let s(p) = -p**3 - 5*p**2 + 7*p + 10. Suppose o = 7 - 14. List the prime factors of s(o).
59
Suppose 2*z + 152 = 6*z. List the prime factors of (-33)/(-2) + 57/z.
2, 3
Let c(f) = 1880*f**2 + 2*f - 1. List the prime factors of c(-1).
1877
List the prime factors of 3 + (3/(-12) - (-29964)/48).
3, 11, 19
Let s be (52/10)/(5/150). Let k be ((-1)/(-3))/((-4)/s). Let t = 27 + k. What are the prime factors of t?
2, 7
Let a be (-1 - (1 - 3)) + 0. Let o = a + 4. Suppose o*m - 5*f - 110 = -3*f, -2*m + 38 = -2*f. List the prime factors of m.
2, 3
Let t = 570 - 328. What are the prime factors of t?
2, 11
Let b be (-1 + 17)*(-7)/(-14). Suppose j - 10 + b = 0. Suppose -4*a = -j*a + 2, -u + 4*a + 19 = 0. List the prime factors of u.
3, 5
Let s(j) = 7 + 4 - j**2 + 9*j - 2. Let i(v) = -v**3 + 7*v**2 - 10*v - 1. Let d be i(4). List the prime factors of s(d).
23
Suppose -4*b - 977 - 1731 = -3*g, g = -5*b + 871. What are the prime factors of g?
2, 7
What are the prime factors of (0 - -4) + -1 - -1171?
2, 587
Suppose -47*n = -33*n - 14434. List the prime factors of n.
1031
Let k(g) = -3*g + 68. List the prime factors of k(-22).
2, 67
Let f = 28 + -27. What are the prime factors of -2 - (f/(-1) - 79)?
2, 3, 13
Let n(r) be the first derivative of r**4/4 - 4*r**3 - 11*r**2/2 - 3*r - 3. Let h be 80/6 - (-5)/(-15). List the prime factors of n(h).
23
Suppose -x + c + 0 = 2, 0 = 2*c - 8. Suppose 3*u - x*z + 5*z = 24, -5*u - z = -28. Suppose u*t - 60 = -0*t. List the prime factors of t.
2, 3
Let s(y) = y**3 + 2*y**2 - y - 1. Let a be s(0). Let o(r) = -22*r - 1. What are the prime factors of o(a)?
3, 7
Suppose -21*x + 18*x + 84 = 0. What are the prime factors of x/7 - (-140 - 2)?
2, 73
Let y(v) = -2*v**3 + 4*v**2 + 6*v - 9. Let l be y(2). Suppose 13 + 5 = 2*x. What are the prime factors of (-2)/x*l*-3?
2
Suppose 10*q - 2*q = -16. List the prime factors of (0 - -16) + (9/(-3) - q).
3, 5
Let m(y) = -3500*y**3 + 4*y**2 - 11*y - 12. List the prime factors of m(-1).
31, 113
What are the prime factors of 54/810 - (-12074)/15?
5, 7, 23
Let z = -13 + 34. Let s = z + -19. What are the prime factors of s*(-11)/4*-6?
3, 11
Suppose 4*k + 128 = -7*u + 3*u, 3*u = 5*k - 96. List the prime factors of (0 - u)/((-1)/(-2)).
2
Suppose 19*h - 2948 = -364. Let b = 237 - h. What are the prime factors of b?
101
Let t be 2/4*(1 - -3). Suppose -2*l - t*l = -40. What are the prime factors of l?
2, 5
Suppose 2*o - o + 73 = 2*g, 2*o - 142 = -4*g. Suppose 5*w - 3*w - 8 = 0. Suppose g = w*y - y. List the prime factors of y.
2, 3
Suppose 2*l = 4*k - 0*l - 564, 0 = -k + 5*l + 132. Let x = -86 + k. List the prime factors of x.
2, 7
Let t be -1 - -4 - -13*(1 - -163). What are the prime factors of -1 + ((-2)/5)/((-7)/t)?
11
Let n(v) = 39*v**2 - 9*v - 8. Let a = -123 + 122. List the prime factors of n(a).
2, 5
Suppose -39*l + 18048 = -23*l. List the prime factors of l.
2, 3, 47
Suppose -2*p - 3*p = -15. Suppose -4*j + p + 5 = 0. Suppose 27 = j*d + d. What are the prime factors of d?
3
Let k(v) = -6*v + 14 - 3 - v. Let l be k(-7). Let s = l - 27. List the prime factors of s.
3, 11
Suppose -37*u - 10*u + 151810 = 0. List the prime factors of u.
2, 5, 17, 19
Let m = 8 + -8. Let j = -6 - -11. Suppose m = -j*p - 75 + 310. What are the prime factors of p?
47
Suppose -9 + 9 = -3*j. Suppose -n + 96 - 5 = j. What are the prime factors of n?
7, 13
Let q(n) = -2*n - 21. Let a be q(-15). What are the prime factors of a*1 + 5 + -6?
2
Suppose -5*j - u + 448 = -2285, 0 = 2*j - 4*u - 1080. What are the prime factors of j?
2, 3, 7, 13
Let l be (-2 - -4)*1 + -1 + 0. List the prime factors of (-7)/5 + l - (-387)/5.
7, 11
Let t(s) be the third derivative of 3*s**5/10 - s**4/24 + 7*s**3/3 + 5*s**2 - 5*s. What are the prime factors of t(3)?
173
Suppose -4*t - 4*u = -872, -34 = -5*u - 9. What are the prime factors of t?
3, 71
Suppose 31*l - 37341 = 4*l. What are the prime factors of l?
3, 461
Let g be (1 + -145)*(-4 - 60/(-18)). Let x = -89 + g. What are the prime factors of x?
7
Suppose -6*k + 81 = -3*k. Let s = k + -7. Suppose -q - 2*i = -13, -2*q - 2*i + s = -4*i. List the prime factors of q.
11
Suppose 5*u - 2*m = 50, 2*u - 1 = -4*m - 5. Let y be (u/(-10))/(4/(-20)). Suppose -15 - 5 = y*h, -5*s + 35 = 5*h. What are the prime factors of s?
2, 3
Suppose 0 = 12*w + 284 - 1316. What are the prime factors of w?
2, 43
Suppose 5*u = s - 2*s + 152, -4*s = -2*u - 520. Suppose 8*y - s = -4*y. List the prime factors of y.
11
Let r be (3/(-2))/((-24)/32). List the prime factors of r/8 + (-239)/(-4).
2, 3, 5
Suppose 2*s + 5*b = -9, -4*s - 6*b + 2*b - 48 = 0. Let l = s + 33. What are the prime factors of l?
2
Let q = -310 + 489. List the prime factors of q.
179
Let l(w) = 2*w**2 - 9*w - 54. List the prime factors of l(-11).
7, 41
Let v(z) be the second derivative of 23*z**3/6 - z**2/2 - 4*z. What are the prime factors of v(3)?
2, 17
Let g(w) be the second derivative of -10*w + 1/20*w**5 - 5/12*w**4 + 1/3*w**3 + 2*w**2 + 0. What are the prime factors of g(6)?
2, 13
Let w(g) = -2*g + 9. Let q be w(6). Let j(v) be the third derivative of -v**4/12 - v**3/6 + 3*v**2. List the prime factors of j(q).
5
Let t = 31 + -26. Let i = 73 - t. List the prime factors of i.
2, 17
Suppose 3*g = r - 5, 6*g - 2*g = r - 1. Suppose 0 = r*h - 0*h - 1938. What are the prime factors of h?
2, 3, 19
Let j(b) = -2*b + 91. List the prime factors of j(-28).
3, 7
Let j = -5 - -6. Let c be (-2 - (-26)/j)/1. Let y = c + 20. What are the prime factors of y?
2, 11
Suppose 300 = i - 5*g, g = -3*i + 5*i - 609. What are the prime factors of i?
5, 61
Suppose 3*x + 2*z = 4*x + 12, 2*x - 3*z = -23. Let v(j) = -6*j - 3. List the prime factors of v(x).
3, 19
Let y = -10 - -10. Suppose y = -0*x - 3*x - b - 104, -2*x = -5*b + 58. Let q = x + 50. List the prime factors of q.
2
Let j be (-2 + 5 - 2) + -7. Let r(b) = 12*b**2 - 3*b + 1. Let t be r(2). Let d = t + j. What are the prime factors of d?
37
What are the prime factors of 282/329*(-8071)/(-3)?
2, 1153
Suppose 3*n = x - n + 12, n = 4*x + 3. Suppose 5*g + 5*w = 490, x = -5*g + w - 3*w + 493. List the prime factors of g.
3, 11
Suppose -g + 13 = 4*q, 5*g - 7 + 17 = 5*q. Let t(m) = -40*m + 13. Let z(r) = -100*r + 32. Let h(i) = 12*t(i) - 5*z(i). What are the prime factors of h(q)?
2, 7
List the prime factors of 25646/30 + 4 + 290/(-75).
3, 5, 19
Let m(h) = -h**3 + 5*h**2 - 2*h - 1. Let k be m(5). Let t = k + 14. Suppose 16 = -f + 2*f - 5*u, -t*f + 3*u + 60 = 0. List the prime factors of f.
3, 7
What are the prime factors of (4211 - 11) + 9 - 2?
7, 601
Suppose 9*i = -3*i + 3132. What are the prime factors of i?
3, 29
What are the prime factors of (-2)/6 - 11048/(-24)?
2, 5, 23
Let a = 5921 + -1389. List the prime factors of a.
2, 11, 103
Suppose 93*j + 3297 = 100*j. List the prime factors of j.
3, 157
Let y = -152 - -313. What are the prime factors of y?
7, 23
Let m(c) = -c**3 + 10*c**2 + c + 10. Let z be m(10). Let p = -23 + z. Let o = 8 - p. List the prime factors of o.
11
Suppose -382 - 1103 = -11*o. What are the prime factors of o?
3, 5
Let j(n) = n**3 - 37*n**2 + 69*n + 39. Let u be j(35). Let f be (3/2)/((-2)/(-4)). Suppose -f*d = -u*d + 11. What are the prime factors of d?
11
Let w be (-1)/3 - (-8)/(72/75). Suppose w*t = 2*t + 372. Wh